7
What are the prime factors of 14813?
14813
What are the prime factors of 3633?
3, 7, 173
What are the prime factors of 73877?
73877
What are the prime factors of 23547?
3, 47, 167
What are the prime factors of 92748?
2, 3, 59, 131
What are the prime factors of 48312?
2, 3, 11, 61
What are the prime factors of 51188?
2, 67, 191
What are the prime factors of 8540?
2, 5, 7, 61
List the prime factors of 131674.
2, 65837
List the prime factors of 6547.
6547
What are the prime factors of 37730?
2, 5, 7, 11
What are the prime factors of 5381?
5381
List the prime factors of 47726.
2, 7, 487
What are the prime factors of 967?
967
What are the prime factors of 98007?
3, 7, 13, 359
List the prime factors of 74478.
2, 3, 12413
What are the prime factors of 185?
5, 37
What are the prime factors of 11360?
2, 5, 71
What are the prime factors of 895?
5, 179
What are the prime factors of 103?
103
What are the prime factors of 2629?
11, 239
What are the prime factors of 3733?
3733
List the prime factors of 33197.
89, 373
What are the prime factors of 3712?
2, 29
What are the prime factors of 5753?
11, 523
List the prime factors of 2315.
5, 463
What are the prime factors of 2617?
2617
List the prime factors of 763.
7, 109
List the prime factors of 8362.
2, 37, 113
List the prime factors of 435.
3, 5, 29
List the prime factors of 1079.
13, 83
List the prime factors of 6641.
29, 229
What are the prime factors of 29?
29
What are the prime factors of 3924?
2, 3, 109
What are the prime factors of 182695?
5, 61, 599
What are the prime factors of 74524?
2, 31, 601
List the prime factors of 2375.
5, 19
What are the prime factors of 2948?
2, 11, 67
What are the prime factors of 122009?
17, 7177
What are the prime factors of 13826?
2, 31, 223
What are the prime factors of 11350?
2, 5, 227
What are the prime factors of 949?
13, 73
List the prime factors of 63307.
29, 37, 59
What are the prime factors of 740?
2, 5, 37
List the prime factors of 3314.
2, 1657
List the prime factors of 2077.
31, 67
What are the prime factors of 83901?
3, 27967
What are the prime factors of 30181?
30181
What are the prime factors of 473?
11, 43
What are the prime factors of 11300?
2, 5, 113
List the prime factors of 1185.
3, 5, 79
List the prime factors of 7474.
2, 37, 101
List the prime factors of 2176.
2, 17
List the prime factors of 421.
421
What are the prime factors of 1095?
3, 5, 73
List the prime factors of 67224.
2, 3, 2801
List the prime factors of 669.
3, 223
What are the prime factors of 3582?
2, 3, 199
What are the prime factors of 4350?
2, 3, 5, 29
What are the prime factors of 50141?
7, 13, 19, 29
List the prime factors of 493.
17, 29
List the prime factors of 3171.
3, 7, 151
List the prime factors of 4989.
3, 1663
What are the prime factors of 8273?
8273
List the prime factors of 11570.
2, 5, 13, 89
List the prime factors of 76423.
76423
List the prime factors of 882.
2, 3, 7
What are the prime factors of 1805?
5, 19
List the prime factors of 44210.
2, 5, 4421
What are the prime factors of 183?
3, 61
List the prime factors of 3857.
7, 19, 29
What are the prime factors of 167681?
73, 2297
What are the prime factors of 511?
7, 73
What are the prime factors of 3441?
3, 31, 37
List the prime factors of 10511.
23, 457
What are the prime factors of 554?
2, 277
List the prime factors of 3540.
2, 3, 5, 59
What are the prime factors of 31767?
3, 10589
List the prime factors of 10784.
2, 337
List the prime factors of 19821.
3, 6607
What are the prime factors of 369?
3, 41
What are the prime factors of 5781?
3, 41, 47
What are the prime factors of 22964?
2, 5741
List the prime factors of 3785.
5, 757
List the prime factors of 3056.
2, 191
What are the prime factors of 18592?
2, 7, 83
What are the prime factors of 345?
3, 5, 23
What are the prime factors of 48224?
2, 11, 137
List the prime factors of 89737.
19, 4723
What are the prime factors of 13493?
103, 131
List the prime factors of 47887.
7, 6841
List the prime factors of 16412.
2, 11, 373
What are the prime factors of 27?
3
List the prime factors of 1031.
1031
List the prime factors of 68017.
17, 4001
List the prime factors of 711.
3, 79
What are the prime factors of 274?
2, 137
List the prime factors of 1518.
2, 3, 11, 23
What are the prime factors of 4501?
7, 643
List the prime factors of 310.
2, 5, 31
What are the prime factors of 9161?
9161
What are the prime factors of 2299?
11, 19
List the prime factors of 1745.
5, 349
List the prime factors of 27695.
5, 29, 191
List the prime factors of 6680.
2, 5, 167
List the prime factors of 2951.
13, 227
List the prime factors of 4817.
4817
List the prime factors of 1204.
2, 7, 43
List the prime factors of 34712.
2, 4339
List the prime factors of 18226.
2, 13, 701
List the prime factors of 220.
2, 5, 11
What are the prime factors of 9670?
2, 5, 967
List the prime factors of 1160.
2, 5, 29
List the prime factors of 31211.
23, 59
List the prime factors of 17196.
2, 3, 1433
List the prime factors of 116858.
2, 7, 17, 491
List the prime factors of 23623.
23623
List the prime factors of 107146.
2, 13, 317
List the prime factors of 9392.
2, 587
What are the prime factors of 1427?
1427
What are the prime factors of 802?
2, 401
List the prime factors of 3035.
5, 607
What are the prime factors of 3740?
2, 5, 11, 17
List the prime factors of 5886.
2, 3, 109
What are the prime factors of 91513?
91513
List the prime factors of 262.
2, 131
What are the prime factors of 8556?
2, 3, 23, 31
List the prime factors of 6555.
3, 5, 19, 23
What are the prime factors of 420?
2, 3, 5, 7
What are the prime factors of 2727?
3, 101
List the prime factors of 35869.
35869
What are the prime factors of 1749?
3, 11, 53
List the prime factors of 19640.
2, 5, 491
What are the prime factors of 49059?
3, 23, 79
List the prime factors of 16699.
16699
What are the prime factors of 123?
3, 41
What are the prime factors of 7489?
7489
What are the prime factors of 9901?
9901
List the prime factors of 6094.
2, 11, 277
What are the prime factors of 676?
2, 13
What are the prime factors of 116?
2, 29
What are the prime factors of 139362?
2, 3, 23227
What are the prime factors of 1975?
5, 79
List the prime factors of 1411.
17, 83
List the prime factors of 9684.
2, 3, 269
What are the prime factors of 2509?
13, 193
What are the prime factors of 2601?
3, 17
List the prime factors of 58488.
2, 3, 2437
List the prime factors of 51714.
2, 3, 13, 17
List the prime factors of 9993.
3, 3331
What are the prime factors of 22911?
3, 7, 1091
List the prime factors of 77228.
2, 43, 449
List the prime factors of 12473.
12473
List the prime factors of 506.
2, 11, 23
List the prime factors of 9440.
2, 5, 59
List the prime factors of 202.
2, 101
What are the prime factors of 82516?
2, 7, 421
List the prime factors of 1696.
2, 53
What are the prime factors of 2399?
2399
What are the prime factors of 1383?
3, 461
What are the prime factors of 400?
2, 5
List the prime factors of 59144.
2, 7393
What are the prime factors of 21537?
3, 2393
What are the prime factors of 967?
967
List the prime factors of 69206.
2, 34603
What are the prime factors of 14547?
3, 13, 373
List the prime factors of 229.
229
What are the prime factors of 2872?
2, 359
List the prime factors of 48856.
2, 31, 197
What are the prime factors of 336?
2, 3, 7
What are the prime factors of 9574?
2, 4787
What are the prime factors of 12695?
5, 2539
List the prime factors of 47373.
3, 15791
What are the prime factors of 52263?
3, 5807
List the prime factors of 33617.
33617
What are the prime factors of 102?
2, 3, 17
List the prime factors of 7131.
3, 2377
What are the prime factors of 11045?
5, 47
What are the prime factors of 120?
2, 3, 5
What are the prime factors of 75?
3, 5
List the prime factors of 22417.
29, 773
What are the prime factors of 32044?
2, 8011
What are the prime factors of 1877?
1877
What are the prime factors of 110428?
2, 19, 1453
What are the prime factors of 957?
3, 11, 29
What are the prime factors of 1382?
2, 691
List the prime factors of 7348.
2, 11, 167
List the prime factors of 2476.
2, 619
List the prime factors of 2224.
2, 139
List the prime factors of 5271.
3, 7, 251
List the prime factors of 138999.
3, 7, 6619
What are the prime factors of 1508?
2, 13